{"id":125,"date":"2017-04-04T05:50:17","date_gmt":"2017-04-04T05:50:17","guid":{"rendered":"http:\/\/www.49themes.com\/demos\/chiropractorwp\/?page_id=125"},"modified":"2023-05-08T09:02:22","modified_gmt":"2023-05-08T09:02:22","slug":"chi-siamo","status":"publish","type":"page","link":"https:\/\/www.riabilitazionesanremo.it\/index.php\/chi-siamo\/","title":{"rendered":"Chi siamo"},"content":{"rendered":"<p>[vc_row el_class=&#8221;contentso_padding&#8221;][vc_column width=&#8221;1\/3&#8243; el_class=&#8221;col-sm-push-8&#8243;][vc_single_image image=&#8221;1109&#8243; img_size=&#8221;full&#8221; el_class=&#8221;imgWrapper&#8221;][\/vc_column][vc_column width=&#8221;2\/3&#8243; el_class=&#8221;col-sm-pull-4&#8243;][vc_column_text]<\/p>\n<div class=\"titleShortcode smallMb\">\n<h4 class=\"h4 as\">Il Nostro Fisioterapista<\/h4>\n<\/div>\n<div class=\"simple-article\"><\/div>\n<div class=\"appointment\">\n<p>Dottore Gianluca Parlanti, Fisioterapista, laureato all\u2019Universit\u00e0 degli Studi di Napoli \u201cFederico II\u201d, Master Universitario all\u2019Universit\u00e0 di Zaragoza in Terapia Manuale Ortopedica (OMT), iscritto all\u2019Ordine TSRM-PSTRP di Genova, Imperia, Savona con numero di iscrizione 1715, specializzato nel Concetto Kaltenborn- Evjenth e nell\u2019utilizzo della Terapia Fisica.<\/p>\n<div class=\"emptySpace40 emptySpace-xs30\"><\/div>\n<p><a class=\"button btnStyle4 btnSize3\" href=\"#\">PRENOTA UN APPUNTAMENTO<\/a><\/p>\n<\/div>\n<p>[\/vc_column_text][\/vc_column][\/vc_row][vc_row full_width=&#8221;stretch_row&#8221; el_class=&#8221;contentPadding grey&#8221; css=&#8221;.vc_custom_1502448841665{background-color: #f3f3f3 !important;}&#8221;][vc_column el_class=&#8221;row verAlign at-360-set&#8221;][vc_row_inner][vc_column_inner width=&#8221;5\/12&#8243;][vc_single_image image=&#8221;1106&#8243; img_size=&#8221;full&#8221; el_class=&#8221;imgWrapper personeImg&#8221;][\/vc_column_inner][vc_column_inner el_class=&#8221;decrease-pad-responsive&#8221; width=&#8221;7\/12&#8243;][vc_column_text]<\/p>\n<div class=\"personeContent normall\">\n<h4 class=\"h4 as\">Dr. Avagnina Luca<\/h4>\n<p>Esperto in Podoiatra,podologia e riabilitazione sportiva<\/p>\n<div class=\"emptySpace30\"><\/div>\n<div class=\"simple-article normall\">\n<p>Il Prof. Luca Avagnina Podoiatra con oltre 30 anni di esperienza, clinica e universitaria, ha creato il <strong>primo Centro Podoiatrico in Italia<\/strong> per la <strong>cura a 360 gradi del piede<\/strong> e dei problemi sovrapodalici correlati. Il Centro \u00e8 nato dalla necessit\u00e0 di creare un punto di riferimento nazionale per le patologie podaliche che insorgono a tutte le et\u00e0: nei bambini, negli adulti, negli anziani, e in pazienti affetti da malattie sistemiche quali Diabete e Artrite Reumatoide, Neuropatici e Vascolari. con un occhio particolare agli sportivi di qualsiasi livello.<\/p>\n<\/div>\n<div class=\"emptySpace30\"><\/div>\n<\/div>\n<p>[\/vc_column_text][\/vc_column_inner][\/vc_row_inner][\/vc_column][\/vc_row][vc_row full_width=&#8221;stretch_row_content_no_spaces&#8221; el_class=&#8221;container-fluid nopadding&#8221;][vc_column width=&#8221;5\/12&#8243; el_class=&#8221;fluidBg bg bgShadow30 awsm_background_image col-md-5 responsive&#8221; css=&#8221;.vc_custom_1683535703436{background-image: url(https:\/\/www.riabilitazionesanremo.it\/wp-content\/uploads\/2017\/04\/fluid-bg.jpg?id=141) !important;}&#8221; offset=&#8221;vc_hidden-lg vc_hidden-md vc_hidden-sm vc_hidden-xs&#8221;][\/vc_column][vc_column width=&#8221;7\/12&#8243; el_class=&#8221;col-md-push-5 col-md-7 responsive bullet-right&#8221; offset=&#8221;vc_hidden-lg vc_hidden-md vc_hidden-sm vc_hidden-xs&#8221;][vc_column_text]<\/p>\n<div class=\"contentPadding darkGrey\">\n<div class=\"container-fluid\">\n<div class=\"row\">\n<div class=\"col-sm-12 col-md-11 col-lg-10\">\n<div class=\"requestContent white\">\n<div class=\"my-row\">\n<div class=\"my-double-cols\">\n<div class=\"imgWrapper\"><img loading=\"lazy\" class=\"alignnone size-full wp-image-142\" src=\"https:\/\/www.riabilitazionesanremo.it\/wp-content\/uploads\/2017\/04\/image2.jpg\" alt=\"\" width=\"350\" height=\"205\" srcset=\"https:\/\/www.riabilitazionesanremo.it\/wp-content\/uploads\/2017\/04\/image2.jpg 350w, https:\/\/www.riabilitazionesanremo.it\/wp-content\/uploads\/2017\/04\/image2-300x176.jpg 300w\" sizes=\"(max-width: 350px) 100vw, 350px\" \/><\/div>\n<\/div>\n<div class=\"my-double-cols\">\n<div class=\"imgWrapper\"><img loading=\"lazy\" class=\"alignnone size-full wp-image-45\" src=\"https:\/\/www.riabilitazionesanremo.it\/wp-content\/uploads\/2017\/03\/image.jpg\" alt=\"\" width=\"350\" height=\"205\" srcset=\"https:\/\/www.riabilitazionesanremo.it\/wp-content\/uploads\/2017\/03\/image.jpg 350w, https:\/\/www.riabilitazionesanremo.it\/wp-content\/uploads\/2017\/03\/image-300x176.jpg 300w\" sizes=\"(max-width: 350px) 100vw, 350px\" \/><\/div>\n<\/div>\n<div class=\"clear\"><\/div>\n<\/div>\n<div class=\"emptySpace20\"><\/div>\n<h5 class=\"h5 as\">We Offer Different Treatment to your Pain<\/h5>\n<div class=\"simple-article normall\">\n<p>Sed ut perspiciatis unde omnis iste natus error sit voluptatem accusantium dolore mque laudantium, totam rem aperiam, eaque ipsa quae ab illo invent ore veritatis et perspiciatis unde omnis iste natus error sit voluptatem<\/p>\n<div class=\"row\">\n<div class=\"col-sm-6 rem-ul-pad\">\n<ul>\n<li>Head Pain<\/li>\n<li>Back Pain<\/li>\n<li>Neck Pain<\/li>\n<li>Whiplash<\/li>\n<\/ul>\n<\/div>\n<div class=\"col-sm-6 rem-ul-pad\">\n<ul>\n<li>24 -Hours Emergency Services<\/li>\n<li>Uniformed, Licensed Plumbers<\/li>\n<li>No Travel Charges<\/li>\n<li>Licensed and Insured<\/li>\n<\/ul>\n<\/div>\n<\/div>\n<\/div>\n<\/div>\n<\/div>\n<\/div>\n<\/div>\n<\/div>\n<p>[\/vc_column_text][\/vc_column][\/vc_row][vc_row el_class=&#8221;home-offer&#8221;][vc_column el_class=&#8221;contentPadding about-offers&#8221; offset=&#8221;vc_hidden-lg vc_hidden-md vc_hidden-sm vc_hidden-xs&#8221;][tmc_ourdedicatedteam first_service_heading=&#8221;Our Dedicated Team&#8221; first_heading_color=&#8221;#4d4d4d&#8221; order=&#8221;ASC&#8221; column=&#8221;4&#8243;][\/vc_column][\/vc_row][vc_row full_width=&#8221;stretch_row&#8221; el_class=&#8221;contentPadding bgOverlay&#8221; css=&#8221;.vc_custom_1492253128650{background-image: url(https:\/\/www.riabilitazionesanremo.it\/wp-content\/uploads\/2017\/03\/overlay-bg.png?id=103) !important;}&#8221;][vc_column offset=&#8221;vc_hidden-lg vc_hidden-md vc_hidden-sm vc_hidden-xs&#8221;][tmc_custom_heading heading=&#8221;What our clients Say&#8221; heading_color=&#8221;#3c3c3c&#8221; el_class=&#8221;marginTop marginBottom35&#8243;][tmc_testimonials order=&#8221;ASC&#8221;][\/vc_column][\/vc_row]<\/p>\n","protected":false},"excerpt":{"rendered":"<p>[vc_row el_class=&#8221;contentso_padding&#8221;][vc_column width=&#8221;1\/3&#8243; el_class=&#8221;col-sm-push-8&#8243;][vc_single_image image=&#8221;1109&#8243; img_size=&#8221;full&#8221; el_class=&#8221;imgWrapper&#8221;][\/vc_column][vc_column width=&#8221;2\/3&#8243; el_class=&#8221;col-sm-pull-4&#8243;][vc_column_text] Il Nostro Fisioterapista Dottore Gianluca Parlanti, Fisioterapista, laureato all\u2019Universit\u00e0 degli Studi di Napoli \u201cFederico II\u201d, Master Universitario all\u2019Universit\u00e0 di Zaragoza in Terapia Manuale Ortopedica (OMT), iscritto all\u2019Ordine TSRM-PSTRP di Genova, Imperia, Savona con numero di iscrizione 1715, specializzato nel Concetto Kaltenborn- Evjenth e nell\u2019utilizzo della Terapia<\/p>\n","protected":false},"author":2,"featured_media":0,"parent":0,"menu_order":0,"comment_status":"closed","ping_status":"closed","template":"","meta":[],"_links":{"self":[{"href":"https:\/\/www.riabilitazionesanremo.it\/index.php\/wp-json\/wp\/v2\/pages\/125"}],"collection":[{"href":"https:\/\/www.riabilitazionesanremo.it\/index.php\/wp-json\/wp\/v2\/pages"}],"about":[{"href":"https:\/\/www.riabilitazionesanremo.it\/index.php\/wp-json\/wp\/v2\/types\/page"}],"author":[{"embeddable":true,"href":"https:\/\/www.riabilitazionesanremo.it\/index.php\/wp-json\/wp\/v2\/users\/2"}],"replies":[{"embeddable":true,"href":"https:\/\/www.riabilitazionesanremo.it\/index.php\/wp-json\/wp\/v2\/comments?post=125"}],"version-history":[{"count":10,"href":"https:\/\/www.riabilitazionesanremo.it\/index.php\/wp-json\/wp\/v2\/pages\/125\/revisions"}],"predecessor-version":[{"id":1139,"href":"https:\/\/www.riabilitazionesanremo.it\/index.php\/wp-json\/wp\/v2\/pages\/125\/revisions\/1139"}],"wp:attachment":[{"href":"https:\/\/www.riabilitazionesanremo.it\/index.php\/wp-json\/wp\/v2\/media?parent=125"}],"curies":[{"name":"wp","href":"https:\/\/api.w.org\/{rel}","templated":true}]}}